et z = 9 - v. What is the units digit of z?
5
Let a(g) = -g**3 + 2*g**2 + 34*g + 8. What is the units digit of a(-5)?
3
Let a(h) = -2*h - 7. Let k be a(-5). Suppose -k*z = -7 - 8. Suppose -z*i + 173 = 4*g, 2*g + g + i - 138 = 0. What is the units digit of g?
7
Suppose 0 = q, -2*a + 127 + 269 = -3*q. What is the tens digit of a?
9
Suppose t + 3*g + 9 = 0, -3*t + 16 = -4*g + 4. Suppose -3*m + 59 = -0*j - 5*j, 5*m + 2*j - 150 = t. Suppose -203 + m = -5*b. What is the units digit of b?
5
Suppose -4*c = 18*q - 17*q - 1579, -5*c - 3119 = -2*q. What is the hundreds digit of q?
5
Suppose -12*v = -4506 - 7086. What is the tens digit of v?
6
Let c(h) = 9*h + 20 - 22*h + 8*h - 23*h. What is the units digit of c(-4)?
2
Let k(g) = g**3 - 26*g**2 - 83*g - 40. Let u be k(29). Suppose 2*m + 60 = u. What is the units digit of m?
8
Let t = 158 + -156. Suppose -4*r + 371 + 460 = 5*j, t*r - 420 = -4*j. What is the hundreds digit of r?
2
Suppose -5*y + 22 = 2. Let o be -2 + 2 + -4 + y. Suppose o = -v - 0 + 48. What is the tens digit of v?
4
Let i = 2499 - 1080. What is the tens digit of i?
1
Suppose -9*l + 4312 = -2276. Suppose 9*d - 267 - l = 0. What is the hundreds digit of d?
1
Let l = 247 + -92. Let j = l - 31. What is the hundreds digit of j?
1
Suppose 40 = n + 22. What is the tens digit of 98/(-1)*(-9)/n?
4
Let i(v) = 3*v**2 - v. Let y be i(-1). Let g be (y/(-2))/(9/18). Let q = 12 + g. What is the units digit of q?
8
Suppose 0 = -2*v + 45 + 1. Let l = 84 - v. Suppose 4*x - l = 5*a, -2*x - 4*a = -a - 47. What is the units digit of x?
9
Let m(c) = -c**2 + 7*c - 5. Let b be m(6). Suppose -d = -48 - b. What is the units digit of d?
9
Suppose -d + 554 = -5*s, -d + 6*d + 200 = -2*s. What is the hundreds digit of 1/(2/6)*(-27 - s)?
2
Suppose -2*u - 5*u + 168 = 0. Let o = 25 - u. What is the units digit of o?
1
Let p(r) = 127*r**2 + 48*r - 151. What is the hundreds digit of p(3)?
1
Let s be 18*2*4/16. What is the tens digit of 3*-60*(-2)/s?
4
Suppose 70*f - 87204 - 5196 = 0. What is the thousands digit of f?
1
Let q be ((-18)/(-27))/(2/9). Suppose -5*s = j - 145, -q*j + 0*s + 3*s = -453. What is the tens digit of j?
5
Suppose -18*j = -21*j + 15. Suppose -4*f - j*o + 111 = -2*f, 4*f - 3*o - 287 = 0. Suppose 4*s = y - f, 4*y + 5*s - 4*s - 289 = 0. What is the units digit of y?
2
Suppose -4*j = -3*g - 2 - 28, 2*j = 4*g + 20. Suppose -w = -j*w. Suppose -2*t - 5*y = -83, w*y = -3*t + 3*y + 93. What is the units digit of t?
4
Let h be 28/(-20) + (-6)/(-15). What is the tens digit of h/(-6) + (-357)/(-18)?
2
Suppose -243*g + 236*g = -12208. What is the units digit of g?
4
What is the hundreds digit of (-64440)/(-44) - ((-244)/(-44) - 5)?
4
Let l(u) = 12*u - 1. Suppose 4*x - 6 = 14. Suppose 0 = x*i - 5 - 0. What is the tens digit of l(i)?
1
Let r = -5 + -93. Let a = 170 + r. Suppose -a = -6*f + 2*f. What is the units digit of f?
8
Suppose -4*i = -7*i - 48. Let w = i + 50. What is the tens digit of w?
3
What is the hundreds digit of -2*(-3)/6*607?
6
Suppose 5*z - 36 = m, 0 = 30*z - 27*z. Suppose -x + 0*x - 3 = 0. What is the tens digit of 16/x*459/m?
6
Let a = -1 + 6. Suppose a*l = 3*l + 10. Suppose 0 = -l*k + 6*k - 44. What is the units digit of k?
4
Suppose v - 25 = 55. Let g = -39 + v. What is the units digit of g?
1
Let w = 3082 + -2157. What is the units digit of w?
5
Let i(t) = -t**2 + 16*t - 21. Let b be i(13). What is the units digit of 2508/b + 6/9?
0
Let l(b) = -3*b**2 - 4220*b + 2*b**2 + 4216*b + 15*b**3. What is the units digit of l(2)?
8
Let i(z) = 2*z**3 - z**2 - 2*z - 2. Let o(g) = g**2 - 5*g + 3. Let j be o(5). Let a be i(j). Let q = a + -26. What is the tens digit of q?
1
What is the units digit of (548 - (-1 - 7)) + 1?
7
Let d = -577 - -1049. What is the hundreds digit of d?
4
Let a = 104 - 101. Suppose -5*s + 3*d + 907 = 0, -2*s + a*d + 0*d = -370. What is the units digit of s?
9
Suppose -a - 7 = -5*n, n = 5*a + 5 + 6. What is the tens digit of (52/(-8) + -1)*(n + -3)?
1
Let n(z) be the first derivative of 43*z**2/2 + 2*z - 22. What is the units digit of n(1)?
5
Let s(c) be the first derivative of c**4/4 - 5*c**3/3 - 4*c**2 - 11*c + 4. What is the units digit of s(7)?
1
Let s be 8 - 4 - (-1 + 2). Suppose 2*u = 2*o + u - 101, -5*u - 155 = -s*o. What is the units digit of o?
0
Suppose -2*b = -z + 2, z - 1 - 1 = 0. Let l(h) = 2*h**2 + 33. What is the units digit of l(b)?
3
Let q = -2 - -14. Let t = -6 + q. Suppose -3*i - t = -5*i. What is the units digit of i?
3
Suppose -3*o = -2*y + 823 - 155, 2*o - 327 = -y. Suppose 3*z + 16 = y. What is the tens digit of z?
0
Let a(v) = 4*v**2 + 34*v. What is the units digit of a(-13)?
4
Let x be 3*(1 + (-115)/15). What is the tens digit of (-4 - 1)*264/x?
6
Let c(b) = b - 4. Let i be c(6). Suppose 327 = m + i*m. Suppose -3*w = -4*l + m, -3*l + w = -8*l + 160. What is the tens digit of l?
3
Suppose 0 = 3*y + 19 + 8. Let z(f) = f**3 + 12*f**2 + 7*f + 5. What is the hundreds digit of z(y)?
1
Let h(w) be the first derivative of 32*w**3/3 + w**2/2 + 10. What is the tens digit of h(1)?
3
Suppose 0 = -7*l + 12*l. Suppose 0 = 4*b + 5*h - 166, l*b + 3*b = 4*h + 109. What is the tens digit of b?
3
Let z be (-16)/(-30)*-3*10. Let w = z - -12. What is the tens digit of 3 + (12/w - -13)?
1
Let u be ((-10)/3)/(12/(-18)). What is the tens digit of (-7 + u)*(2 + -45)?
8
Let b = -689 + 1783. What is the thousands digit of b?
1
Let v = 10956 - 5184. What is the units digit of v?
2
Let h = 781 + -549. What is the hundreds digit of h?
2
Suppose -z - k = -6, 8 = 3*z + k - 2. Suppose -2*c - 4*g = -486, c - 243 = -3*g - z*g. What is the hundreds digit of c?
2
Suppose 13*h + 1729 = 9256. What is the tens digit of h?
7
Let x(r) = 2*r - 23. Let n be x(12). Suppose -37 = -6*k - n. What is the units digit of k?
6
Let t(o) = o**3 + 22*o**2 - 16*o + 14. Let l be t(-23). Let h = l - -195. What is the tens digit of h?
4
Let u(h) = -h**3 + 7*h**2 - 6*h + 5. Let v be u(5). Suppose -4*b - 4*q + 0*q = -84, 0 = -b + 3*q + v. What is the tens digit of b?
2
Suppose 4 - 3 = d. Let p be 447/15 - d/(-5). What is the tens digit of 668/60 + (-4)/p?
1
What is the hundreds digit of 4796 + (-26)/2 + 8?
7
Suppose 5*t - 4119 - 961 = 0. What is the units digit of t?
6
Suppose -z + 0 = 5, z = 3*m - 17. What is the units digit of -30*1/(-4)*m?
0
Suppose -2*n + g + 4 = 0, -4*g = -n - 2*n + 6. What is the tens digit of (-975)/(-35) - n/(-14)?
2
Let m = -28 - -52. Let f = -39 + m. Let a = f - -37. What is the tens digit of a?
2
Let o(m) = m**3 + 8*m**2 - 3*m + 8. Let h(j) = -j**3 + 18*j**2 - 18*j + 9. Let f be h(17). What is the units digit of o(f)?
2
Suppose 840 + 11570 = 10*v. What is the thousands digit of v?
1
Let m(l) be the first derivative of -7*l**2 + 7*l + 11. What is the units digit of m(-5)?
7
Let i(v) = -v**3 - 9*v**2 + 16*v + 4. Let b = -160 - -148. What is the hundreds digit of i(b)?
2
Let a(v) = -22*v - 212. What is the units digit of a(-25)?
8
Let v = 13 - 5. Let t be (5 - (-2)/1)*v. Suppose 0 = -o - 4*o + 4*c + 137, 2*o = c + t. What is the units digit of o?
9
Let y(l) = 15*l**3 - 8*l - 7. What is the units digit of y(3)?
4
Let o = -3520 + 5561. What is the tens digit of o?
4
Let g(c) = 2*c**3 - 47*c**2 + 33*c + 8. Let w be g(23). Suppose -56*q = -58*q + w. What is the tens digit of q?
1
What is the tens digit of (-2)/(-18) + (-247628)/(-1116)?
2
Suppose -3*m + 33*m = 32370. What is the units digit of m?
9
Let h(i) = 5*i**3 + 3*i**2 + 2*i - 8. Let u(z) = 9*z**3 + 7*z**2 + 4*z - 16. Let d(f) = -11*h(f) + 6*u(f). What is the tens digit of d(8)?
7
Let k be 1148/10 + 4*3/60. Suppose 5*y - 487 = -4*b, -3*y - 5*b + 415 - k = 0. What is the tens digit of y?
9
Suppose -63 = 2*a - 269. Suppose 2*y = f - a, -4 = -y - y. What is the tens digit of f?
0
Let y(f) = 9*f + 72. Let i(u) = 4*u + 36. Let v(z) = 5*i(z) - 2*y(z). What is the units digit of v(-17)?
2
Suppose -3*t + 3811 - 358 = 3*l, 4*l + 1161 = t. What is the hundreds digit of t?
1
Let u be (-12)/(-4)*(-3)/(-3). Suppose m = u*h - 1, 6*h = m + h + 7. What is the units digit of m?
8
Let o = -285 - -276. Let t be -4 + 2 - (-3 - -2). Let s = t - o. What is the units digit of s?
8
Suppose 3*d + 5*s = 1250, d + d - 5*s = 800. What is the hundreds digit of d?
4
Suppose 11939 + 8571 = 14*c. What is the units digit 